 the millions digit of 403793915?
3
What is the millions digit of 20904197?
0
What is the millions digit of 3153453718?
3
What is the ten thousands digit of 4708416385?
1
What is the units digit of 1405669244?
4
What is the thousands digit of 101375491?
5
What is the millions digit of 1303968053?
3
What is the hundreds digit of 2790599525?
5
What is the hundred thousands digit of 64782849?
7
What is the thousands digit of 31635068?
5
What is the tens digit of 402769984?
8
What is the hundreds digit of 104145414?
4
What is the units digit of 1405544276?
6
What is the millions digit of 19820883?
9
What is the ten thousands digit of 469600203?
0
What is the tens digit of 55472424?
2
What is the hundred millions digit of 524546533?
5
What is the units digit of 161983439?
9
What is the millions digit of 34072113?
4
What is the millions digit of 1560115617?
0
What is the hundred thousands digit of 30434579?
4
What is the ten thousands digit of 106432120?
3
What is the hundreds digit of 454244390?
3
What is the hundred millions digit of 1179117390?
1
What is the hundred millions digit of 640725359?
6
What is the tens digit of 169228783?
8
What is the units digit of 122003796?
6
What is the hundreds digit of 1068073857?
8
What is the hundred millions digit of 128924298?
1
What is the thousands digit of 155113851?
3
What is the ten millions digit of 7832880564?
3
What is the millions digit of 15502732?
5
What is the thousands digit of 49516987?
6
What is the hundred millions digit of 469532339?
4
What is the hundreds digit of 1541811849?
8
What is the units digit of 28608279?
9
What is the thousands digit of 1093055851?
5
What is the ten millions digit of 219571939?
1
What is the units digit of 356516860?
0
What is the units digit of 89737033?
3
What is the millions digit of 228662614?
8
What is the tens digit of 678387184?
8
What is the ten millions digit of 515966051?
1
What is the thousands digit of 3618552252?
2
What is the thousands digit of 2009149279?
9
What is the hundred thousands digit of 4541525883?
5
What is the hundreds digit of 1759767236?
2
What is the millions digit of 236327300?
6
What is the tens digit of 2682592?
9
What is the hundred millions digit of 118315413?
1
What is the hundreds digit of 50385514?
5
What is the hundred thousands digit of 926916496?
9
What is the thousands digit of 602382996?
2
What is the millions digit of 65466517?
5
What is the units digit of 329649911?
1
What is the tens digit of 1431671018?
1
What is the hundred thousands digit of 63243056?
2
What is the hundred thousands digit of 578656?
5
What is the hundred thousands digit of 34543468?
5
What is the ten millions digit of 193135321?
9
What is the units digit of 1590744828?
8
What is the hundred millions digit of 911195601?
9
What is the thousands digit of 157550227?
0
What is the ten thousands digit of 5199863?
9
What is the hundred thousands digit of 2726565724?
5
What is the tens digit of 3057452500?
0
What is the hundred thousands digit of 3442060272?
0
What is the hundreds digit of 196618454?
4
What is the hundreds digit of 2693251681?
6
What is the tens digit of 1207521585?
8
What is the units digit of 32667141?
1
What is the ten thousands digit of 93879789?
7
What is the hundred thousands digit of 6644429368?
4
What is the ten thousands digit of 152942166?
4
What is the tens digit of 8457926?
2
What is the thousands digit of 9071718?
1
What is the tens digit of 2781870873?
7
What is the millions digit of 17471331?
7
What is the billions digit of 2106216005?
2
What is the thousands digit of 319271521?
1
What is the thousands digit of 15407650?
7
What is the units digit of 58028546?
6
What is the hundreds digit of 1894974?
9
What is the thousands digit of 132281728?
1
What is the tens digit of 3995080564?
6
What is the millions digit of 2413200997?
3
What is the millions digit of 188632604?
8
What is the thousands digit of 1385889622?
9
What is the millions digit of 122842083?
2
What is the hundreds digit of 90717397?
3
What is the hundred thousands digit of 1226982972?
9
What is the hundreds digit of 320494808?
8
What is the ten thousands digit of 3995178791?
7
What is the tens digit of 103427704?
0
What is the hundreds digit of 98176793?
7
What is the millions digit of 17179079?
7
What is the thousands digit of 89181725?
1
What is the units digit of 2218000?
0
What is the units digit of 271203119?
9
What is the ten thousands digit of 48766052?
6
What is the units digit of 103477146?
6
What is the hundreds digit of 232555848?
8
What is the hundreds digit of 2703389274?
2
What is the tens digit of 1130797275?
7
What is the units digit of 82046592?
2
What is the hundred millions digit of 651498510?
6
What is the millions digit of 128407791?
8
What is the ten thousands digit of 43799296?
9
What is the thousands digit of 19530934?
0
What is the ten millions digit of 597383661?
9
What is the hundred thousands digit of 64604934?
6
What is the tens digit of 875155986?
8
What is the thousands digit of 47180214?
0
What is the ten thousands digit of 721655470?
5
What is the hundreds digit of 88775908?
9
What is the millions digit of 12484786?
2
What is the hundred thousands digit of 69164677?
1
What is the hundred millions digit of 139395594?
1
What is the hundred millions digit of 130186834?
1
What is the millions digit of 190139634?
0
What is the tens digit of 1793424333?
3
What is the ten millions digit of 65285864?
6
What is the tens digit of 3672995123?
2
What is the hundred thousands digit of 45013728?
0
What is the thousands digit of 176196688?
6
What is the hundred thousands digit of 350846856?
8
What is the ten thousands digit of 266399103?
9
What is the ten thousands digit of 90882767?
8
What is the ten thousands digit of 742109443?
0
What is the ten thousands digit of 65461028?
6
What is the hundred thousands digit of 5261001775?
0
What is the billions digit of 1229006858?
1
What is the ten thousands digit of 4988941?
8
What is the ten millions digit of 101947457?
0
What is the ten millions digit of 35141082?
3
What is the ten millions digit of 179971632?
7
What is the hundreds digit of 30174687?
6
What is the ten thousands digit of 747918969?
1
What is the units digit of 707964077?
7
What is the hundred millions digit of 580153046?
5
What is the units digit of 393118822?
2
What is the ten millions digit of 474565418?
7
What is the ten thousands digit of 210471600?
7
What is the hundred thousands digit of 238481991?
4
What is the tens digit of 182493971?
7
What is the units digit of 807584046?
6
What is the hundred thousands digit of 472108992?
1
What is the millions digit of 111008715?
1
What is the hundred thousands digit of 1401208570?
2
What is the hundred millions digit of 245197190?
2
What is the hundred thousands digit of 699945200?
9
What is the tens digit of 1003191660?
6
What is the ten thousands digit of 16138168?
3
What is the hundred thousands digit of 72571349?
5
What is the millions digit of 884068199?
4
What is the millions digit of 2555188?
2
What is the units digit of 42842566?
6
What is the millions digit of 17609610?
7
What is the units digit of 568549637?
7
What is the ten thousands digit of 987299068?
9
What is the tens digit of 159070928?
2
What is the ten millions digit of 125860431?
2
What is the ten thousands digit of 322760692?
6
What is the hundreds digit of 1958276720?
7
What is the ten thousands digit of 154547863?
4
What is the tens digit of 981422932?
3
What is the ten millions digit of 3345838997?
4
What is the hundreds digit of 33668966?
9
What is the tens digit of 2224239914?
1
What is the units digit of 114840056?
6
What is the thousands digit of 2657783005?
3
What is the thousands digit of 23900645?
0
What is the ten millions digit of 1703658498?
0
What is the hundred millions digit of 368878703?
3
What is the tens digit of 2778791?
9
What is the thousands digit of 43825647?
5
What is the millions digit of 680425977?
0
What is the hundred thousands digit of 488092164?
0
What is the millions digit of 28985769?
8
What is the tens digit of 33464049?
4
What is the millions digit of 24276420?
4
What is the units digit of 4120731708?
8
What is the hundreds digit of 318777920?
9
What is the hundreds digit of 18002